-5*m = -2*o + 11, -m = 2*o + o - 42. Let k(x) = 3*x - 4. Let f be k(3). Suppose 88 = f*v - 37. What is the remainder when v is divided by o?
12
Let b = 1 - 3. Let l be (148/(-1 + -1))/b. What is the remainder when 7 is divided by l/7 + (-2)/7?
2
Suppose -32 = -5*u - 2. What is the remainder when (21/u + -3)*74 is divided by 10?
7
Let t(h) = -h**3 + 3*h**2 - 4*h - 1. Let y be t(4). Let r = -5 - y. Calculate the remainder when r is divided by 15.
13
Suppose 7*m = 6*m + 3. Suppose 3*s - 37 = -2*c, m*s + 89 = 4*c + 4*s. Calculate the remainder when c is divided by 8.
7
Let l = 35 - -20. What is the remainder when l is divided by 14?
13
Suppose -92 = 4*a - 8*a. Calculate the remainder when a is divided by 7.
2
Let p = -41 + 60. Suppose s + 2 = -1, -4*l = 5*s + 15. Suppose -2*k - 2*u = -l*k - 16, -2*k - 4*u = -12. What is the remainder when p is divided by k?
9
Let j(o) = 23*o - 1. Let q(n) = -n**3 + 11*n**2 - 5*n - 12. Let x be q(10). Let k = x + -26. What is the remainder when j(1) is divided by k?
10
Suppose -2*y - 3*y + 65 = 0. Let f = 296 - 258. What is the remainder when f is divided by y?
12
Let l(q) = -q**3 + 5*q**2 - 1. Let w(d) = -2*d + 5. Let j be w(-9). Suppose 4*t - j = -u + 21, u + 5*t = 47. Calculate the remainder when u is divided by l(2).
10
Suppose -5*u + 5 = 5*c, -u = -2*u - 3. Suppose 0 = -2*w - c. Let a(p) = p**2 + 2*p + 3. Calculate the remainder when 10 is divided by a(w).
1
Let t(n) = -110*n - 4. Calculate the remainder when t(-1) is divided by 22.
18
Suppose -c + 18 = -7*x + 4*x, -4*x = -2*c + 26. Suppose 3*v + 1 = 5*f, c*v + f = -2*v + 17. Let s = 0 + v. Calculate the remainder when 4 is divided by s.
1
Let b(j) = 3*j. Let n be b(1). Suppose -6*c + c - w = -72, 2*w = -2*c + 32. Let z = c + n. Calculate the remainder when 49 is divided by z.
15
Calculate the remainder when (-4 + -4)*(0 - 172/8) is divided by 16.
12
Suppose 2*k - 7 = 3. Suppose 3*p + 54 + 30 = 2*t, -k*t + 196 = -4*p. Calculate the remainder when 70 is divided by t.
34
Let h = -3 - -5. Suppose h*o - 3 = o. What is the remainder when 8 is divided by o?
2
Let t(d) = d**3 - 5*d**2 + d + 4. Let p be t(3). Let x = p + 27. Calculate the remainder when 63 is divided by x.
15
Suppose 5*h - 404 + 104 = 0. What is the remainder when h is divided by 16?
12
Let l(j) = j**3 + 9*j**2 + 7. Suppose -x - 27 = 2*x. Calculate the remainder when 12 is divided by l(x).
5
Let z = 37 - 2. Let h = z + -17. Let x = 4 + 6. Calculate the remainder when h is divided by x.
8
Suppose -2*z - 3*o + 1 = 7, 14 = 2*z - 2*o. Calculate the remainder when 8 is divided by z.
2
Let y(c) = c**3 - 7*c**2 - 13*c. Let z = 24 + -1. What is the remainder when y(9) is divided by z?
22
What is the remainder when (-27)/18*164/(-6) is divided by 14?
13
Let h(r) = r**2 + r - 76. Let z be h(0). Let w = z - -109. Calculate the remainder when w is divided by 17.
16
Let n(f) = f**3 - f - 1. Let y be n(2). Suppose y*r - 26 = 3*r. Calculate the remainder when r is divided by 4.
1
Let z(c) = -c - 18. Let l be z(-14). Calculate the remainder when -2 - (3 + l + -54) is divided by 18.
17
Let g be 222/3 + 0 + 0. Suppose 3*k + 237 = 2*l + 25, 318 = 3*l - 2*k. Let c = l - g. What is the remainder when c is divided by 11?
10
Suppose -x + 0*x - 477 = -4*w, 5*x = -2*w + 211. Calculate the remainder when w is divided by 17.
16
Suppose -h + 3*h = 8. Calculate the remainder when 6 is divided by h.
2
Suppose 4*r + 5*n = 5*r - 28, -3*r = -3*n - 24. Suppose -j = r*j - 152. What is the remainder when j is divided by 10?
8
Let g = -79 + 90. Calculate the remainder when 54 is divided by g.
10
Let k = 2 - -10. Calculate the remainder when k is divided by 3.
0
Calculate the remainder when 34 is divided by (-135)/10*6/(-9).
7
Suppose -3*g + 378 - 144 = 0. Calculate the remainder when g is divided by 41.
37
Calculate the remainder when (-354)/(-10) + (-2)/5 is divided by 8/(-1*18/(-27)).
11
Calculate the remainder when (-1)/(2 - 20/8) is divided by 1.
0
Suppose 5*x - 10*k = -6*k + 232, -3*x + 147 = -5*k. What is the remainder when x is divided by 23?
21
Let r = -8 - -18. Calculate the remainder when 17 is divided by r.
7
Let m = 1 + -3. Let s be 0/m + (-55)/(-1). Suppose 5*y + 3*b - 51 = 2*y, -2*y + s = -5*b. Calculate the remainder when y is divided by 11.
9
Let n = 1 + -3. Calculate the remainder when n/7 - (-450)/7 is divided by 22.
20
Suppose -270 = -10*f - 0*f. Calculate the remainder when 77 is divided by f.
23
Let h be -6*4/30*-5. Suppose 38 = 5*m - h*r + 7, -r + 11 = 5*m. Suppose -m*t + 30 = -15. Calculate the remainder when t is divided by 4.
3
Let f = -6 + 11. Suppose -77 = -f*w + 68. Calculate the remainder when w is divided by 15.
14
Let i(j) = -j + 4. Let f be i(4). Let y = f + 3. Suppose -y*s = -81 - 30. Calculate the remainder when s is divided by 13.
11
Suppose 0 - 4 = -2*h, k = h + 44. Let u(l) = -2*l**3 - 2*l**2 - 3*l - 2. What is the remainder when k is divided by u(-2)?
10
Suppose 22 = 4*w - 74. What is the remainder when 93 is divided by w?
21
Let g(s) = -s + 9. Let a = -15 - -24. Let k be g(a). Suppose k = -u + 3*r - 4, -r + 2*r = -3*u + 18. Calculate the remainder when u is divided by 3.
2
Suppose -6*o + 258 + 390 = 0. Calculate the remainder when o is divided by 14.
10
Suppose -53 - 17 = -2*a. What is the remainder when a is divided by 19?
16
Suppose 0 = -p - 5*m - 37, 0*m + 4*m = -3*p - 56. Calculate the remainder when ((-15)/p)/(4/16) is divided by 3.
2
Let c(w) = 6*w - 5. Suppose 4*y - 5*m - 67 = -0*y, 0 = -5*y - 2*m + 125. What is the remainder when y is divided by c(3)?
10
Let l(i) = 4*i - 9. Calculate the remainder when 75 is divided by l(5).
9
Let y be ((-476)/(-6))/(10/15). Let h = y + -73. What is the remainder when h is divided by 12?
10
Suppose m + 60 = x + 9, -2*x - 3*m = -112. Calculate the remainder when x is divided by 17 + (-2 - -2 - -1).
17
Let n(m) = 2*m**2 - 5*m + 3. Suppose -2*l + x + 27 = 3*l, 0 = -l - x + 3. Calculate the remainder when 82 is divided by n(l).
26
Let f(k) = -2*k**2 + 17*k - 5. Calculate the remainder when 46 is divided by f(7).
14
Let r(w) = -w**3 + 5*w**2 - w + 9. Let j be r(5). Suppose 7*u - j*q - 91 = 2*u, -q = -4*u + 75. Calculate the remainder when 75 is divided by u.
18
Let r(q) be the second derivative of q**5/10 + q**4/4 - q**3/3 + q**2/2 - 2*q. Let g(d) = 3*d**2 - 2*d + 1. What is the remainder when r(2) is divided by g(2)?
7
Let d(v) = v**3 - 5*v**2 - 9*v + 12. Let q be ((-98)/(-14))/(-1 - -2). What is the remainder when d(q) is divided by 12?
11
Let h(o) = -o**2 - 5*o - 11. Let w be h(-8). Let y = -20 - w. Calculate the remainder when y is divided by 8.
7
Suppose -12*f = -4*f - 328. Calculate the remainder when f is divided by 7.
6
Let f(c) = c + 10. Let z be f(-6). Suppose -z*u = -0*u - 32. What is the remainder when 21 is divided by u?
5
Suppose h + 4*i = 10, -4*h - 5*i + 0*i + 62 = 0. Suppose -12*g - 71 = -13*g. What is the remainder when g is divided by h?
17
Let k(g) = -38*g + 1. Let r be k(-1). What is the remainder when r/6 - 2/(-4) is divided by 2?
1
Suppose -v = -6*v - t + 37, -4*t + 22 = 2*v. What is the remainder when 18 is divided by v?
4
Let s = -191 - 88. Let t be s/12 + 1/4. Let n = t + 68. Calculate the remainder when n is divided by 23.
22
Suppose n - 5*p + 25 - 6 = 0, 5*n = -3*p - 39. Let v = n - -26. Calculate the remainder when 32 is divided by v.
15
Let p(z) = -z**3 - 22*z**2 - 23*z + 18. Calculate the remainder when p(-21) is divided by 16.
12
Let v be (-2)/(-7) - 32/14. Let y be 0/(3/12*4) - -6. Let j = y + v. What is the remainder when 5 is divided by j?
1
Suppose -9 = -0*r - 3*r + 4*j, -12 = -4*r + 4*j. Suppose 19 = 2*k + 4*x + 5, -5*k + r*x + 9 = 0. Calculate the remainder when 8 is divided by k.
2
Suppose -3*h + 0 = -9. Suppose 3*a + 4*g + 2 = 44, -h*g = -5*a + 70. Suppose 5*x - a = 31. Calculate the remainder when 17 is divided by x.
8
Suppose 0 = -4*v + 3*k + 30, 0*v - v + 4 = k. What is the remainder when 11 is divided by v?
5
Calculate the remainder when -21*(-5)/(-20)*-20 is divided by 36.
33
Let d = -34 + 23. Let x = 18 + d. What is the remainder when 26 is divided by x?
5
Let n be 207/(-12) + (-2)/(-8). Let y = n + 25. What is the remainder when 14 is divided by y?
6
Let j be 15 + 6/((-6)/(-3)). What is the remainder when 34 is 